*b + 2513*b + 835722. Is b a composite number?
True
Suppose -5*t + 2364 = 389. Suppose 24*z - 19*z = t. Is z a composite number?
False
Let s(f) = -197*f - 22. Let m be s(-4). Suppose -y = -4017 - m. Is y a prime number?
True
Let x(h) = -h**3 - 9*h**2 + 11*h + 13. Let r be x(-10). Suppose -4*p + 4*i = -3504, 0 = r*p - 3*i - i - 2627. Is p a prime number?
True
Suppose -49081 = -b + 1242*f - 1243*f, 0 = -f. Is b composite?
False
Let v(o) = 125*o**2 - 15*o - 567. Is v(23) a prime number?
True
Suppose -170202428 = -71*c - 48*c - 53*c. Is c composite?
True
Let i = -10813 + 58118. Is i prime?
False
Let j(v) = -v**3 - 10*v**2 + 5*v - 17. Let h be j(-11). Let m = h + -43. Let p(u) = 7*u**3 - 10*u**2 - 4*u - 7. Is p(m) prime?
False
Suppose 3*r = -r + 4*k - 53292, 0 = 2*r - 4*k + 26644. Let j = r - -26433. Is j a prime number?
True
Let l(r) = 10*r**2 + 3*r - 9. Suppose -2*j - 15 = -73. Suppose j = 5*y + 9. Is l(y) a prime number?
True
Let t(b) = -76*b**3 - 3*b - 9. Let n be t(-3). Let a = n - -127. Is a a prime number?
True
Let w = 1136 - -5792. Suppose -4*d - w = -4*x, 0*x + 5*x - 8662 = 3*d. Is x composite?
False
Suppose -10*b - 150354 = -885964. Is b composite?
False
Suppose -3*p = 3*s + 10770, -2*p + s = -p + 3590. Let u = -2178 - p. Let a = -711 + u. Is a prime?
True
Let c(s) = -12*s**2 + 33 - 12*s**2 + 23*s**2 + 7*s. Let x be c(10). Suppose -x*a = -0 - 6, -7018 = -5*f - 4*a. Is f composite?
True
Let g = 130 - 56. Suppose 4*a + 71*h - 34538 = g*h, -4*h - 43173 = -5*a. Is a a composite number?
True
Let v be -3*(-2 + (-489)/1). Is v + (22 + -21)*0/(-1) composite?
True
Let a = -29132 - -87993. Is a a prime number?
False
Let x(t) = -5387 + 5296 - 2*t**3 + 47*t**2 - 61*t + t**3 + 7*t. Is x(44) prime?
False
Suppose 2*t + v - 4 = -2*t, 0 = -2*v. Let q be (186/(-10) + t)/(24/180). Let b = 1127 - q. Is b a composite number?
False
Let t(f) = 79*f**2 + 5*f + 6. Let y(d) = -d**3 - 5*d**2 + 4*d + 18. Let v be y(-5). Let h be t(v). Suppose 0 = -x - 5*w + h, -2*w = -2*x + x + 319. Is x prime?
True
Let m be (12948/91)/((-6)/189). Let u = -2587 - m. Is u a prime number?
False
Suppose -4*q + 67501 = d, 268*q - 269*q + 270064 = 4*d. Is d a prime number?
False
Let c be 6068 + 6 + -5 + -1. Suppose -c - 1669 = -3*x. Is x a prime number?
True
Let i = -63 - 8. Let c = 75 + i. Suppose -5*z - 3*t = -2*z - 2550, 3*z + c*t = 2547. Is z composite?
False
Suppose -4*c - 4*s = -7*s - 174295, 5*c - 217866 = s. Is c a prime number?
True
Suppose -6*r + 836026 = 23*r + 5*r. Is r composite?
True
Suppose -3*k + 592 = m - 5*k, 3*m = -5*k + 1743. Suppose 82*v - m = 80*v. Is v a composite number?
False
Let s = 74318 + 83075. Is s a prime number?
True
Is (-8)/(-4) + -20 + 59267 prime?
False
Suppose 2*q - r - 61 = 0, -2*q = -5*r - 43 + 2. Is 59864/12*q/22 composite?
True
Let k(f) = f**2 + 14*f - 38. Let l be k(-16). Is 884 + l/((-24)/20) composite?
True
Let v be (-1)/(-3 - 96/(-28))*672. Let q = -933 - v. Is q prime?
False
Let v = 266 - 271. Let n(x) = 101*x**2 - 16*x - 26. Is n(v) composite?
False
Suppose 35*u = 40*u - 6520. Suppose 4*g = 3*h - 17, h + 0*h + 1 = -2*g. Suppose 0 = -h*b + u + 4489. Is b composite?
False
Suppose -p = -5, -161*p - 74496 = -l - 156*p. Is l a prime number?
True
Let t(g) = 26*g**2 + 13*g - 26. Let y be t(30). Let m = y - 12327. Is m a composite number?
False
Suppose -5*x + 2*x = 0, 3*p + 4*x = 0. Suppose p = -6*c + 5873 + 469. Is c a composite number?
True
Is (-6 - 1)*(0 - 175279 - (-12 - -10)) a composite number?
True
Let n(o) = -o**3 - 2*o**2 + 13*o - 9. Let y be n(-15). Let u = 58 - 46. Is y/2*8/u prime?
True
Suppose -926024 = -4*o - 30*l + 33*l, -o + 231511 = -2*l. Is o a composite number?
False
Let h = 1192047 - 342218. Is h a composite number?
False
Let u(t) be the third derivative of 57*t**5/20 + t**4/4 - 11*t**3/6 - 54*t**2. Is u(-4) a composite number?
True
Suppose -2061107 - 637995 + 78281 = -111*g. Is g a prime number?
False
Suppose 1664 = i + 2*h, -i + 5*i = 3*h + 6656. Suppose -1256 = -2*b + 5*z + i, 0 = -z + 2. Is b a composite number?
True
Let i = 82 + -83. Is -1181*(i - 0)/(-13 - -14) a prime number?
True
Let l(s) = s**3 - s - 1. Let c(b) be the first derivative of -3*b**4/4 + 3*b**3 - 5*b + 18. Let h(u) = c(u) + 2*l(u). Is h(6) a composite number?
False
Suppose h - 4*t = -7189, 3*h + 5*t = 4*h + 7184. Let s = -2170 - h. Is s a prime number?
True
Let i(s) = 8830*s - 3086. Is i(12) prime?
False
Suppose 4415 = -w + 20647. Let l = -6439 + w. Suppose 54*b - l = 47*b. Is b prime?
True
Is (-1137)/(-4169) + (-379648)/(-22) a composite number?
False
Suppose -3*l = 6*i - i - 20, 4 = i + 2*l. Suppose i*n = -0*n + 732. Is 0/(-13) + 0 + n a composite number?
True
Let q = -50 - -37. Suppose 36 = 4*m - 0*m. Is 54/2 - (q + m) prime?
True
Let d(h) = 201*h**3 - 589*h**2 - h + 28. Is d(9) a composite number?
True
Let q(w) = 344*w - 1327. Is q(54) a prime number?
False
Let b(z) = 250*z**2 - 6*z + 15. Let s be b(-4). Suppose 3*q = -x - 4*x + 6700, 3*x - s = 2*q. Is x composite?
True
Let w(v) = -17 + 86*v**2 + 17 + v. Let m(f) = 171*f**2 + 2*f - 1. Let u(o) = -2*m(o) + 5*w(o). Is u(-1) a prime number?
True
Let b be -4*((-35)/(-7) + -7). Is b/68 - (-735835)/85 prime?
False
Let c = -3165 - -5083. Let s = c - 3451. Let i = 2146 + s. Is i composite?
False
Let b be (45/6)/(-5)*(6 + -8). Let m be (0 - (-84)/(-4))*(-37)/b. Suppose 0 = -2*s + 1133 - m. Is s composite?
True
Suppose -77*a + 26*a = -13974. Let u = -15 + a. Is u composite?
True
Let y be 6*(-1 - 469/(-14)). Let p = y - -550. Is p a composite number?
True
Let n be -4 - 20/(-15)*3/1. Suppose 3*x - 5*z = -9, 4*x = 2*z - n - 12. Let w(t) = -22*t**3 - t**2 - 16*t - 2. Is w(x) composite?
False
Is 502769 - ((-10)/(-25))/(6/(-120)) prime?
False
Suppose 19*l + 2442653 = 2719715 + 6460471. Is l a composite number?
True
Suppose -12*n = -78692 + 6056. Let w = 9327 - n. Is w a composite number?
True
Let h = 497309 + -289109. Let n = h - 121021. Is n a composite number?
False
Let q be (9/(-27))/((-1)/174). Let x = -77 + q. Let v = x - -222. Is v prime?
False
Is 96323/(-5)*((-1935)/(-45) - 48) composite?
False
Suppose -3*o + 79 = -o + d, -123 = -4*o + 5*d. Let k = o - 35. Suppose -164 - 630 = -k*h. Is h composite?
False
Suppose -24*q + z = -19*q - 207146, -z = q - 41428. Is q a composite number?
True
Let k(v) = -v**2 - 2*v + 1401. Let q(a) = a**2 - 3*a - 1. Let i(w) = w**2 - w - 1. Let r(n) = 2*i(n) - q(n). Let f(c) = k(c) + 2*r(c). Is f(0) prime?
True
Let n = 124507 - 29056. Is n prime?
False
Suppose -272582 = -19*g - 54*g. Is g a composite number?
True
Let m(o) = -1127*o**3 - 5*o**2 - 129*o - 249. Is m(-2) prime?
False
Let h(q) be the second derivative of -3/2*q**2 + 0 + 149/12*q**4 + 14*q + 1/2*q**3. Is h(1) a prime number?
True
Suppose -124 = -6*s - 25*s. Suppose s*l = -3*j + 5923, 5*l = -4*j - 1733 + 9630. Is j a composite number?
False
Let l(q) be the third derivative of 3*q**5/5 + q**4/24 - 2*q**3/3 + 10*q**2. Let x(s) = -s + 2. Let i be x(5). Is l(i) composite?
False
Is (-4)/(-16)*4*0 - (1 - 197496) a prime number?
False
Let v = -286 + 286. Suppose v = 13*p - 14226 - 13867. Is p a prime number?
True
Suppose 0 = -10*u + 6*u - 24. Is (-14)/(-21)*(-59931)/u composite?
False
Let u = -54 + 58. Suppose 12 - u = 4*m. Let o(l) = 21*l**2 + 3*l - 5. Is o(m) prime?
False
Suppose -r = -29 + 24. Suppose -5*q - r*x = -80, x + 49 = -5*q + 121. Suppose q*h + 1839 = 17*h. Is h composite?
False
Let z be (2 + -1)/(1/30). Suppose 6*m = 18 + z. Is ((-1412)/m)/(4/(-8)) a composite number?
False
Suppose -3*t - 8*t + 286 = 0. Let p = t + -20. Suppose p*s = 8*s - 2174. Is s a prime number?
True
Suppose -o + 0*p - 1214 = 4*p, 2 = -2*p. Let g = 5259 - o. Is g a prime number?
True
Suppose 65*d + 53*d - 11657356 = 18115578. Is d prime?
True
Suppose 3*h = -4*k + 2*k - 2, -6 = -k + 2*h. Let r = 3497 - 266. Suppose -r = -k*b - b. Is b a composite number?
True
Let j be 2 - (-3 - (-12 - -1)). Let r(v) be the first derivative of 4*v**3/3 + 2*v**2 + 25*v - 1. Is r(j) prime?
False
Suppose -11851812 - 7460795 = -19*u. Is u a prime number?
True
Let h be 1/(0 + (-3)/21). Suppose 0 = -8*d + 2*d - 48. Is h/(-28) + -7*866/d a prime number?
False
Let n be 91/26*((-8)/(-7))/2. Suppose 4*i + 3790 = 3*b, 0*i - 6360 = -5*b - n*i. Suppose -3*y = -b - 995. Is y comp